- 21*p**2 + 37*p + 40. Calculate the remainder when 134 is divided by j(-12).
22
Let r be (-57)/76 - (123/(-4) + -2). Let v = 11 + r. What is the remainder when v is divided by 10?
3
Suppose -3*p = -19 - 2. Suppose 3 + p = 5*h. Suppose h*y - 6 = -0*y. What is the remainder when 9 is divided by y?
0
Suppose 15 = -3*y, -5*i - y = 2*y + 5. Let h be (-2)/((-6)/399) + i. Suppose 2*p - h = -p. Calculate the remainder when p is divided by 12.
9
Let n(w) = -5*w - 20. What is the remainder when 44 is divided by n(-7)?
14
Let w = 62 + -26. Let k = w + -18. What is the remainder when 211/4 - 6/(-24) is divided by k?
17
Suppose -4*f - 2*q = -558, 3*q - 2 = 13. Let p = f - 94. Calculate the remainder when 82 is divided by p.
39
Let n(s) be the first derivative of -s**3 + 37*s**2/2 - 4*s + 41. What is the remainder when 11 is divided by n(12)?
3
Let a be ((-16)/12)/((-6)/9). Suppose -3*q + a*q + 19 = 0. Let u = q + 14. Calculate the remainder when u is divided by 9.
6
Suppose 0 = 3*y - p - 46, -22 = -2*y + 2*p + 14. Let j be (-2)/(4/282)*16/(-24). Let o = 147 - j. Calculate the remainder when o is divided by y.
11
Let h = -6 + 8. Let m be (-1)/2*4 - -16. Let b = m + -8. Calculate the remainder when b is divided by h.
0
Suppose -x = 4*z - 141, -3*x + 2*z = -4*x + 137. What is the remainder when 930 is divided by x?
132
Suppose m - 5*m = -4*v + 64, 2*m + 10 = 0. What is the remainder when 76 is divided by v?
10
Let a = -39 + 52. Suppose 0 = 5*k + 62 - 7. Let w = k + a. What is the remainder when 3 is divided by w?
1
Let p(l) = 9*l + 2. Let w = 165 + -107. What is the remainder when w is divided by p(2)?
18
Suppose -6*n = -n - 275. Suppose 113 + n = 7*s. What is the remainder when 69 is divided by s?
21
Let x(o) = -9*o**3 + 7*o**2 + 11*o - 5. Let j(p) = -4*p**3 + 3*p**2 + 5*p - 2. Let r(n) = 5*j(n) - 2*x(n). Calculate the remainder when 40 is divided by r(-2).
12
Suppose -4*x + 10 = 62. Let t = 32 + x. Calculate the remainder when t is divided by 4.
3
Let o(z) = -3*z - 7 - 5 - 1 + 4. Let y be o(-9). Suppose y = d - 4. What is the remainder when d is divided by 4?
2
Suppose 9*w = -10*w + 931. Calculate the remainder when 60 is divided by w.
11
Calculate the remainder when 94 is divided by (-1 + 2/4)/((-13)/624).
22
Suppose 35*t - 48*t = -143. Calculate the remainder when 107 is divided by t.
8
Suppose -6 = 2*s, -5*m + 3*s + 83 = 2*s. Suppose 3*r - 5 = m. Let x = -3 - -22. What is the remainder when x is divided by r?
5
Let h = 458 - 449. Calculate the remainder when h is divided by -1*(-3 - 2) - -1.
3
Let f(n) = 1 - 11*n - 4*n - 17 + 0. Let c(j) = -j**2 + j. Let x(h) = c(h) - f(h). What is the remainder when 26 is divided by x(16)?
10
Suppose -71*v + 95*v = 192. Suppose 5*n - n = 188. Calculate the remainder when n is divided by v.
7
Suppose -5*d + 2*j + 1299 = 0, 5*j + 169 = 4*d - 877. Calculate the remainder when d is divided by 10.
9
Suppose -4*f + 42 = 3*q - 20, 3*q - 2*f - 50 = 0. What is the remainder when 103 is divided by q?
13
Suppose -133 = -7*l - 0*l. Let z(o) = -27*o. Suppose 3*q + 10 = k, q + 3*k - 18 = 4*q. Calculate the remainder when z(q) is divided by l.
16
Let c(h) = -23*h + 150. What is the remainder when c(-7) is divided by 12?
11
Let s = 21 + -12. Suppose 7*y - 11*y + 5*b + 124 = 0, 2*y + b - 48 = 0. What is the remainder when y is divided by s?
8
Let l(o) = o**2 - 12*o + 12. Let a be l(9). Let y = 25 + a. Suppose -x + 2*c + y = 0, 0*x - 74 = -5*x - 2*c. Calculate the remainder when 95 is divided by x.
11
Let u be 174/30 - (-3)/15. Let l(s) = s**3 - 4*s**2 - 12*s + 4. Calculate the remainder when 6 is divided by l(u).
2
Let p = 244 - 242. What is the remainder when 21 is divided by p?
1
Suppose 2*d + 66 = 3*u, 2*u = -2*d + 3*d + 43. Suppose 0 = 3*i - 5*v - 32, 5*v - 2*v = -2*i + 15. What is the remainder when u is divided by i?
2
Suppose 0 = 14*v - 3*v - 253. Calculate the remainder when 53 is divided by v.
7
Let s = -6 + 2. Let v(o) = -2*o**3 + o**3 - 11 + 1 - 5*o + 7 + 6 - 5*o**2. Calculate the remainder when v(s) is divided by 2.
1
Suppose -1765 = -16*o + 11*o. Suppose -61 = -z - 2*i, 0*z + 5*z = 2*i + o. Calculate the remainder when z is divided by 10.
9
Suppose w + 2*u - 10 = -0*w, 5*u = 4*w - 1. Suppose -5*b - 2*v = -3*b - 66, -3*b + 101 = w*v. What is the remainder when 123 is divided by b?
30
Suppose 2*z - 8 = 6*z, 4*i - 6 = -5*z. Calculate the remainder when 69 is divided by i.
1
What is the remainder when -5*(-2)/(-125) + 2856/75 is divided by 17?
4
Let u = -209 + 215. Suppose -l - 2*q = -10, -3*l - 3*q = -2*l - 14. What is the remainder when u is divided by l?
0
Suppose -741 = -4*f + 791. What is the remainder when f is divided by 35?
33
Calculate the remainder when 108 is divided by (19/10)/(24/240).
13
Suppose 3*i + 3*i + 48 = 0. What is the remainder when 59 is divided by (i/(-3))/(16/72)?
11
What is the remainder when 4 + (-515)/(-25) - 8/(-20) is divided by 9?
7
Suppose c - 2*o - o = -39, o - 139 = 5*c. Let v = 45 + c. Suppose q - 2*b = 73, 0 = -b + 3 - 5. Calculate the remainder when q is divided by v.
15
Let g(c) = -16*c - 3. Calculate the remainder when g(-3) is divided by 12.
9
Let s(t) = 23 - 8*t + t - 43 + 3*t**2 + 29. What is the remainder when 59 is divided by s(3)?
14
Let y = 421 + -392. Calculate the remainder when y is divided by 15.
14
Let j = -462 + 474. Suppose 5*y - 15 = -4*w, -2*w + 4*y - 8 = 4. Suppose w*n - 92 = -2*n. Calculate the remainder when n is divided by j.
10
Suppose -5*l = -5*p - 400, 4*l + 3*p - 213 = 100. Calculate the remainder when l is divided by 33.
13
Let q(g) = -g**2 + 8*g + 5. Let d = -57 + 86. Suppose 9*b - 344 + d = 0. What is the remainder when b is divided by q(7)?
11
Let k = 412 + -392. Let o = 7 - 6. Suppose 0 = -5*b - 5, 32 = 5*w + 4*b + o. What is the remainder when k is divided by w?
6
Suppose -197*b + 186*b = -1078. Calculate the remainder when b is divided by 33.
32
Let l(p) = -178*p - 35. What is the remainder when l(-2) is divided by 18?
15
Let u(t) = 6*t - 9. Suppose 2*w + 3*w = -15, 15 = -g - w. Let p be (-110)/(-8) - 3/g. What is the remainder when u(p) is divided by 26?
23
Let c(b) = b**3 - 3*b**2 - 3*b - 2. Let h be ((-3)/1 - 1) + 14/7. Calculate the remainder when (9 + -5)/(-1 - h) + -2 is divided by c(4).
0
Suppose 3*f - 137 = -6*r + r, -r - 5*f + 45 = 0. Suppose -v = -0 - r. Let t = 10 + -1. What is the remainder when v is divided by t?
7
Let n = 8567 - 8545. Suppose 0 = -3*m + 12, -w + 3*m = -4*w + 51. Calculate the remainder when n is divided by w.
9
Let n(d) = -d**3 + 4*d**2 + 5*d + 5. What is the remainder when n(-3) is divided by 18?
17
Let l = -24 - -27. Let w be l/((-2)/(-8)*3). What is the remainder when 38 is divided by 38/w + (-1)/(-2)?
8
Let l(w) = -w**3 - 17*w**2 - 53*w + 16. What is the remainder when 142 is divided by l(-13)?
26
Let i = -5 - -10. Suppose i*a - c - 8 = 3, 2*c + 6 = 2*a. Calculate the remainder when 6 is divided by a.
0
Let s be 1/2 + 3/(-2). Suppose 49 + 155 = 4*j. What is the remainder when j is divided by (11 - s)*(-36)/(-24)?
15
Suppose 0 = -f - 2*n + 93, 3*n = 3*f + 8*n - 274. Calculate the remainder when 315 is divided by f.
66
Let p(d) = 3*d**2 - 11*d + 17. What is the remainder when 77 is divided by p(4)?
14
Suppose -90*d = -83*d - 2002. Calculate the remainder when d is divided by 9.
7
Suppose 39 = 2*j + d, 3*j = 3*d - 5*d + 60. Let y = -150 + 260. Let z = y + -57. What is the remainder when z is divided by j?
17
Let d = 61 - 34. Suppose 2*h + 19 = 2*l - 31, -3*h = -l + d. What is the remainder when 71 is divided by l?
23
Let m(d) = -d + 16. Let s be (0/(-1) + 2)*(-50)/20. Calculate the remainder when 40 is divided by m(s).
19
Suppose -12*i - 161 + 245 = 0. Calculate the remainder when 46 is divided by i.
4
Suppose 0 = -16*q + 48275 - 47539. Let i = -54 - -144. Calculate the remainder when i is divided by q.
44
Suppose -236 = -g - 191. Calculate the remainder when 213 is divided by g.
33
Let r(v) = 2*v**3 + 12*v**2 - 19*v - 28. Suppose -2*o = -2*i - 86, -2*i - 101 = -2*o - 5*i. What is the remainder when o is divided by r(-7)?
4
Suppose 4*j + 8 = -2*a, -2*a - 5*j + 5 = -a. What is the remainder when (-63)/(-1) + a/(-5) is divided by 34?
31
Suppose 79 = a - 41. Let k = 4 + -2. Suppose 2*l - k*d = a, 47 = -5*l - 5*d + 297. What